
-396e0f (base 16) to base 15
-4e52a2
d245b1 (base 15) to base 13
20b9213
Convert -471341 (base 8) to base 9.
-264122
Convert -1212012121 (base 3) to base 4.
-20323321
230424 (base 9) to base 15
2add7
-144355442 (base 6) to base 16
-2e0952
Convert -214133434 (base 5) to base 15.
-134b99
Convert 2111210022202 (base 3) to base 8.
5056042
What is -7d0d5 (base 15) in base 7?
-3246443
-1100110011010011010 (base 2) to base 15
-84457
55a4c (base 13) to base 5
14434134
28ba0e (base 16) to base 2
1010001011101000001110
What is 2677516 (base 8) in base 4?
2313331032
-12001102033 (base 4) to base 9
-2864704
-12002210200002 (base 3) to base 11
-159292a
-11112101110 (base 3) to base 15
-1b680
Convert 16a4862 (base 11) to base 3.
12102212012122
Convert 2aa5413 (base 11) to base 10.
5307195
Convert -447991 (base 13) to base 12.
-65b52a
Convert 13310672 (base 10) to base 2.
110010110001101011010000
Convert 32301310213 (base 4) to base 7.
44633500
1546575 (base 8) to base 5
103231241
Convert 151a82 (base 12) to base 13.
c5c27
Convert -3413110 (base 5) to base 11.
-41424
Convert -100000011111100111000 (base 2) to base 11.
-667a74
-111bc1 (base 15) to base 5
-202103111
What is -111001010010111101011 (base 2) in base 5?
-440034413
-9cac2 (base 16) to base 6
-21430550
Convert 110010101111101001 (base 2) to base 11.
132184
What is -102100112211 (base 4) in base 8?
-22202645
dcb44 (base 15) to base 9
1277731
100110100100111011101 (base 2) to base 14
24c965
Convert -2406250 (base 7) to base 13.
-a890a
-78260 (base 14) to base 8
-1071014
Convert -2121201201 (base 4) to base 3.
-1011221121010
What is -19030 (base 10) in base 4?
-10221112
What is -10111110000101100001 (base 2) in base 13?
-21350a
What is -3730334 (base 12) in base 13?
-22ca923
Convert -3c339 (base 15) to base 4.
-233021100
-110556 (base 7) to base 10
-19494
Convert -1c279 (base 14) to base 6.
-1312335
What is 1416720 (base 8) in base 14?
a6120
414441 (base 9) to base 12
ba46a
Convert 1a7ecb (base 15) to base 14.
2590bd
What is 1111111011100111001101 (base 2) in base 8?
17734715
-2153042 (base 7) to base 13
-93908
What is -6432370 (base 10) in base 12?
-21a252a
Convert 88425 (base 9) to base 7.
333020
-10101010011011110 (base 2) to base 13
-30946
-93864 (base 13) to base 12
-109496
123354151 (base 6) to base 15
3291ea
What is -30321021 (base 4) in base 11?
-36749
What is -363b62 (base 14) in base 5?
-433320232
Convert 6521b2 (base 13) to base 7.
26121663
Convert 705a17 (base 12) to base 5.
422030143
What is -98947 (base 10) in base 3?
-12000201201
What is 1516420 (base 7) in base 5?
23100403
11021113 (base 4) to base 2
101001001010111
-550c28 (base 14) to base 7
-33336651
Convert -7361d (base 15) to base 10.
-365878
e362 (base 15) to base 5
3014032
What is b72b8 (base 15) in base 16?
8de03
-173bc (base 16) to base 12
-470a4
Convert 20467 (base 14) to base 12.
38b77
What is -24333 (base 10) in base 14?
-8c21
-3a5b0 (base 15) to base 9
-314353
1010011100000000101 (base 2) to base 7
2623101
Convert a64a (base 12) to base 13.
8392
-33001053 (base 6) to base 7
-11221134
-990736 (base 10) to base 13
-288c46
What is 7670d3 (base 14) in base 10?
4014657
-2a781 (base 15) to base 3
-20221111211
What is -4651 (base 11) in base 10?
-6106
Convert -1100111010100 (base 3) to base 12.
-2a7723
-10021220211 (base 3) to base 15
-14317
10212222100 (base 3) to base 14
1dc63
Convert -1397c50 (base 13) to base 9.
-12622587
What is 121000032 (base 4) in base 7?
604404
-a1220 (base 13) to base 3
-112122022000
Convert -4139a (base 12) to base 14.
-230b4
-2141323 (base 5) to base 12
-19568
15361 (base 14) to base 8
147111
2bb407 (base 13) to base 9
2027615
Convert -1101111101010100 (base 2) to base 3.
-2220102111
246374 (base 10) to base 2
111100001001100110
Convert -256671 (base 8) to base 4.
-111312321
Convert 11101100000111100100 (base 2) to base 13.
27b295
1011001000110100010 (base 2) to base 13
ca170
What is -2024305 (base 7) in base 9?
-407401
-101221111102012 (base 3) to base 11
-3312933
What is -679106 (base 10) in base 2?
-10100101110011000010
What is -1001110001001100001 (base 2) in base 16?
-4e261
Convert -54ad7 (base 14) to base 8.
-620625
What is -33322000122 (base 4) in base 8?
-17720032
Convert 178015 (base 9) to base 15.
22c82
What is -2436348 (base 11) in base 8?
-20130442
2210112 (base 5) to base 6
452353
What is f51c (base 16) in base 11?
43164
Convert -11022120010020 (base 3) to base 9.
-4276106
1bb5037 (base 12) to base 6
331424111
Convert -191890 (base 10) to base 12.
-9306a
6487113 (base 9) to base 10
3482526
What is -2274416 (base 8) in base 4?
-2113210032
Convert -11200021102 (base 3) to base 9.
-150242
323334 (base 6) to base 8
64112
146432063 (base 7) to base 5
10004340104
What is -107210 (base 8) in base 4?
-20322020
105a13 (base 12) to base 14
6a50b
Convert -3c3c8 (base 14) to base 7.
-1160141
Convert -a10b5b (base 14) to base 3.
-101012022022202
1e595a (base 15) to base 3
2210112221011
-615645 (base 9) to base 10
-365027
Convert -11100110101100010011 (base 2) to base 5.
-220214130
What is -1085a49 (base 12) in base 7?
-35606454
c5539a (base 13) to base 11
2669575
What is -536355 (base 7) in base 13?
-33720
What is 1077891 (base 11) in base 16?
1cc111
c403 (base 16) to base 3
2112211111
Convert -322333 (base 12) to base 10.
-791895
-214971 (base 11) to base 2
-1010011110011000010
What is 88b32 (base 14) in base 2?
1010000111011011000
11320547 (base 8) to base 14
482a59
Convert -21866 (base 15) to base 4.
-122000121
What is 230313 (base 7) in base 2?
1010000000001110
Convert 141192 (base 13) to base 12.
1b6506
Convert 12414313 (base 5) to base 2.
11110000011001011
101110001010111010000 (base 2) to base 7
15600552
What is 3213561 (base 11) in base 16?
564e1b
Convert -2d192 (base 15) to base 14.
-3b03d
Convert -4334302 (base 5) to base 6.
-1332035
What is 9373 (base 12) in base 14?
5bdd
Convert -131320003 (base 6) to base 9.
-4780503
What is -438812 (base 11) in base 2?
-10101010110101101100
Convert -200310220 (base 4) to base 13.
-49267
What is 6426684 (base 9) in base 3?
20110220202211
-622031 (base 12) to base 14
-2c06a1
Convert 1101011011101110101 (base 2) to base 15.
8a656
Convert 1509917 (base 12) to base 7.
51045646
What is 84a71 (base 12) in base 11?
109a78
-20220211111 (base 3) to base 10
-136201
Convert 164944 (base 11) to base 4.
332111332
Convert -168f2d (base 16) to base 6.
-51404353
-92b88 (base 13) to base 2
-1000000010011110110
Convert 2d9751 (base 14) to base 15.
219665
What is -406856 (base 10) in base 9?
-680082
1101001001110110001010 (base 2) to base 16
349d8a
768451 (base 12) to base 7
21662044
Convert 150052033 (base 7) to base 8.
45576477
Convert -1240100 (base 7) to base 4.
-213102110
What is -3567944 (base 12) in base 11?
-5922635
89424b (base 12) to base 11
1262305
Convert 1000010100001001001001 (base 2) to base 7.
24345454
104281b (base 13) to base 3
100022022202200
-12010201120112 (base 3) to base 7
-32131466
-3a3442 (base 13) to base 3
-2122110210002
2021112200 (base 3) to base 8
127501
4cacb2 (base 15) to base 3
20221001020012
Convert -33314341 (base 5) to base 7.
-2323602
1010110001010001010 (base 2) to base 16
5628a
Convert 537246 (base 8) to base 9.
303664
-4013320 (base 8) to base 6
-34333320
What is -3200248 (base 9) in base 3?
-10020000021122
-50862 (base 13) to base 7
-1140342
What is -13400356 (base 9) in base 5?
-3143120112
Convert -11142100224 (base 5) to base 11.
-7038682
Convert 414127 (base 8) to base 10.
137303
Convert 112331204 (base 5) to base 16.
7cdc5
What is -21201220010 (base 4) in base 6?
-125304152
-123096a (base 13) to base 12
-1a89667
What is -11222110020101 (base 3) in base 11?
-1548347
321011213 (base 4) to base 2
111001000101100111
Convert 102221012 (base 3) to base 8.
20773
1313200020 (base 4) to base 16
77808
What is -1111120200122 (base 3) in base 16?
-c3026
What is 331ab68 (base 12) in base 14?
14190d2
1016b93 (base 14) to base 7
121325443
What is 43890 (base 11) in base 10?
63624
Convert 3a6166 (base 14) to base 11.
1156487
-2256208 (base 11) to base 15
-52e5b0
What is 1341320515 (base 6) in base 15?
16724a5
Convert -294a58 (base 11) to base 7.
-3625321
What is b1d689 (base 15) in base 14?
119d196
Convert 2372b (base 13) to base 2.
1111110